{"id":3,"date":"2024-08-09T17:50:38","date_gmt":"2024-08-09T17:50:38","guid":{"rendered":"http:\/\/akademia3run.pl\/?page_id=3"},"modified":"2024-09-09T07:12:12","modified_gmt":"2024-09-09T07:12:12","slug":"privacy-policy","status":"publish","type":"page","link":"https:\/\/akademia3run.pl\/index.php\/privacy-policy\/","title":{"rendered":"Polityka Prywatno\u015bci"},"content":{"rendered":"\n<ul class=\"wp-block-list\">\n<li><strong>Administratorem danych jest<\/strong> Fundacja Klub Sportowy AKADEMIA 3RUN, z siedzib\u0105 w Warszawie,<br>przy Al. Solidarno\u015bci 68\/121, NIP: 5253010907 (zwana dalej: \u201eFirm\u0105\u201d).<br>Podanie jakichkolwiek danych osobowych ma charakter dobrowolny, jednak\u017ce jest to konieczne do osi\u0105gni\u0119cia celu lub podj\u0119cia dzia\u0142a\u0144 zwi\u0105zanych z ich podaniem. <\/li>\n<\/ul>\n\n\n\n<ul class=\"wp-block-list\">\n<li><strong>Administrator przetwarza nast\u0119puj\u0105ce dane Klienta:<\/strong><\/li>\n<\/ul>\n\n\n\n<ul class=\"wp-block-list\">\n<li>nazwisko i imiona,<\/li>\n\n\n\n<li>adres e-mail,<\/li>\n\n\n\n<li>telefon,<\/li>\n\n\n\n<li>adres zamieszkania i kod pocztowy,<\/li>\n\n\n\n<li>wiek,<\/li>\n\n\n\n<li>aktywno\u015b\u0107 wzgl\u0119dem poszczeg\u00f3lnych projekt\u00f3w,<\/li>\n\n\n\n<li>aktywno\u015b\u0107 wzgl\u0119dem korzystania z poszczeg\u00f3lnych us\u0142ug,<\/li>\n\n\n\n<li>niezb\u0119dne dane zdrowotne zwi\u0105zane z realizacj\u0105 us\u0142ugi,dane osobowe lub informacje do kt\u00f3rych poboru jeste\u015bmy zobligowani na mocy obowi\u0105zuj\u0105cych akt\u00f3w prawnych, zalece\u0144 lub wytycznych.<br><\/li>\n<\/ul>\n\n\n\n<ul class=\"wp-block-list\">\n<li>W przypadku, gdy uczestnikiem us\u0142ugi s\u0105 dzieci, przetwarzane s\u0105 dane zar\u00f3wno ich, jak i\u00a0ich rodzic\u00f3w. Administrator przetwarza r\u00f3wnie\u017c adres e-mail, telefon oraz imi\u0119 odbiorcy newslettera. Dla pracownik\u00f3w zesp\u00f3\u0142 przetwarzanych danych wynika z przepis\u00f3w kadrowych.<\/li>\n<\/ul>\n\n\n\n<ul class=\"wp-block-list\">\n<li>Na podstawie art. 6 Rozporz\u0105dzenia Parlamentu Europejskiego i Rady (UE) 2016\/679 z 27.04.2016 r. w sprawie ochrony os\u00f3b fizycznych w zwi\u0105zku z przetwarzaniem danych osobowych i w sprawie swobodnego przep\u0142ywu takich danych oraz uchylenia dyrektywy 95\/46\/WE (og\u00f3lne rozporz\u0105dzenie o ochronie danych) &#8211; RODO, podstaw\u0105 przetwarzania danych osobowych przez Administratora jest zgoda U\u017cytkownik\u00f3w, prawny obowi\u0105zek oraz realizacj\u0119 umowy.<\/li>\n<\/ul>\n\n\n\n<ul class=\"wp-block-list\">\n<li><strong>Cele przetwarzania danych:<\/strong><\/li>\n\n\n\n<li>sprzeda\u017c Us\u0142ug i produkt\u00f3w b\u0119d\u0105cych przedmiotem oferty (art. 6 ust. 1 lit. b RODO),<\/li>\n\n\n\n<li>nale\u017cyte wykonywanie um\u00f3w zawartych z firm\u0105 (art. 6 ust. 1 lit. b RODO), <\/li>\n\n\n\n<li>dor\u0119czanie mailing\u00f3w informacyjnych i reklamowych, na kt\u00f3re wyrazi\u0142 zgod\u0119 u\u017cytkownik (art. 6 ust. 1 lit. a RODO),<\/li>\n\n\n\n<li>organizowanie wyjazd\u00f3w, warsztat\u00f3w, konferencji, spotka\u0144, event\u00f3w sportowych i edukacyjnych (art. 6 ust. 1 lit. b RODO),<\/li>\n\n\n\n<li>organizacja zaj\u0119\u0107 sportowych (art. 6 ust. 1 lit. b RODO), <\/li>\n\n\n\n<li>dzia\u0142alno\u015b\u0107 zwi\u0105zana ze sportem i zdrowym trybem \u017cycia,<\/li>\n\n\n\n<li>zapewnienie bezpiecze\u0144stwa zdrowotnego klient\u00f3w oraz pracownik\u00f3w,<\/li>\n\n\n\n<li>sta\u0142a komunikacja informacyjna, edukacyjna i reklamowa z odbiorcami,<br><\/li>\n\n\n\n<li><strong>Do danych osobowych maj\u0105 dost\u0119p<\/strong> wszyscy cz\u0142onkowie zespo\u0142u Firmy. Dost\u0119py do poszczeg\u00f3lnych kategorii os\u00f3b rozdzielone s\u0105 poprzez ograniczenie uprawnie\u0144 technicznych wej\u015bcia do wsp\u00f3lnego dysku lub folderu. Na podobnej zasadzie, dokumenty s\u0105 r\u00f3wnie\u017c zabezpieczone fizycznie w szafkach zamykanych na klucz. Lista podmiot\u00f3w zewn\u0119trznych, kt\u00f3re maj\u0105 dost\u0119p do danych osobowych znajduje si\u0119 <a href=\"https:\/\/docs.google.com\/spreadsheets\/d\/1TRZbI7gQSa8NomCphXxHOTlCjzrrDY9zHguF7VauFeg\/edit?usp=sharing\">tutaj<\/a><br><\/li>\n\n\n\n<li>Polityka prywatno\u015bci ka\u017cdego z tych podmiot\u00f3w mie\u015bci si\u0119 na ich stronach podanych w powy\u017cszym linku.<br>Powy\u017csze podmioty gwarantuj\u0105 przestrzeganie Rozporz\u0105dzenia lub przestrzeganie analogicznych do Rozporz\u0105dzenia standard\u00f3w w zakresie ochrony danych osobowych, a korzystanie przez Administratora z ich technologii przy przetwarzaniu danych osobowych jest zgodne z prawem. Z podmiotami zawarte zosta\u0142y umowy powierzenia, przewa\u017cnie w formie aktualizacji ich regulamin\u00f3w.<br>Administrator nie b\u0119dzie sprzedawa\u0107 ani przekazywa\u0107 danych osobowych Klient\u00f3w innym podmiotom innym ni\u017c podanym w linku.<br>U\u017cytkownik przyjmuje do wiadomo\u015bci, i\u017c jego dane osobowe mog\u0105 by\u0107 przekazywane uprawnionym organom pa\u0144stwowym w zwi\u0105zku z prowadzonymi przez nie post\u0119powaniami, na ich \u017c\u0105danie i po spe\u0142nieniu przes\u0142anek potwierdzaj\u0105cych niezb\u0119dno\u015b\u0107 pozyskania od nas tych danych.<\/li>\n<\/ul>\n\n\n\n<ul class=\"wp-block-list\">\n<li><strong>U\u017cytkownik korzysta z nast\u0119puj\u0105cych praw:<\/strong><\/li>\n\n\n\n<li>Prawo do cofni\u0119cia zgody \u2013 cofni\u0119cie zgody mo\u017ce jednak uniemo\u017cliwi\u0107 dalsze korzystanie z us\u0142ug, kt\u00f3re zgodnie z prawem Administrator \u015bwiadczy\u0107 mo\u017ce jedynie za zgod\u0105. Ponadto cofni\u0119cie zgody nie powoduje, \u017ce przetwarzanie danych osobowych do momentu cofni\u0119cia by\u0142o niezgodne z prawem. <\/li>\n\n\n\n<li>Prawo do sprzeciwu wobec wykorzystania danych \u2013 je\u015bli Administrator przetwarza dane w oparciu o\u00a0prawnie uzasadniony interes, U\u017cytkownik mo\u017ce wnie\u015b\u0107 sprzeciw wobec ich wykorzystywania. Je\u017celi sprzeciw oka\u017ce si\u0119 zasadny, a Administrator nie b\u0119dzie mie\u0107 innej podstawy prawnej do przetwarzania danych \u2013 usunie dane b\u0119d\u0105ce przedmiotem sprzeciwu. <\/li>\n\n\n\n<li>Prawo do usuni\u0119cia danych (\u201eprawo do bycia zapomnianym\u201d) \u2013 Administrator na \u017c\u0105danie usunie dane w\u00a0przypadku wycofania zgody, wniesienia zasadnego sprzeciwu wobec wykorzystania w celach marketingowych lub statystycznych, przetwarzania niezgodnie z prawem lub gdy przesta\u0142y by\u0107 niezb\u0119dne do cel\u00f3w, w\u00a0kt\u00f3rych zosta\u0142y zebrane lub w kt\u00f3rych by\u0142y przetwarzane. Administrator zastrzega, \u017ce mo\u017ce zachowa\u0107 pewne dane osobowe w zakresie niezb\u0119dnym do kopii zapasowych lub cel\u00f3w ustalenia, dochodzenia lub obrony roszcze\u0144 oraz relacji z organami pa\u0144stwowymi. <\/li>\n\n\n\n<li>Prawo do ograniczenia przetwarzania danych \u2013 w przypadku kwestionowania prawid\u0142owo\u015bci danych oraz legalno\u015bci lub niezb\u0119dno\u015bci ich przetwarzania i\u00a0wniesienia sprzeciwu. <\/li>\n\n\n\n<li>Prawo dost\u0119pu do danych \u2013 Administrator zobowi\u0105zuje si\u0119 do potwierdzenia przetwarzania danych osobowych, je\u015bli ma ono miejsce. W takim przypadku U\u017cytkownik ma mo\u017cliwo\u015b\u0107 uzyskania kopii danych i\u00a0dost\u0119pu do nich oraz uzyskania informacji zawartych w niniejszej Polityce i innych \u017c\u0105danych.<\/li>\n\n\n\n<li>Prawo do sprostowania danych \u2013 Administrator na \u017c\u0105danie U\u017cytkownika lub Klienta zobowi\u0105zuje si\u0119 do sprostowania danych (dla danych nieprawid\u0142owych) oraz ich uzupe\u0142nienia (dla danych niekompletnych). <\/li>\n\n\n\n<li>Prawo do przenoszenia danych \u2013 na \u017c\u0105danie u\u017cytkownika lub Klienta Administrator wy\u015ble, w postaci pliku w formacie pdf lub innym ustalonym, dane osobowe do \u017c\u0105daj\u0105cego lub bezpo\u015brednio do innego wskazanego przez niego Administratora. <\/li>\n\n\n\n<li>Ponadto U\u017cytkownik ma prawo do wniesienia skargi do Prezesa Urz\u0119du Ochrony Danych Osobowych.<\/li>\n<\/ul>\n\n\n\n<p>Administrator zapewnia realizacj\u0119 uprawnie\u0144 poprzez napisanie maila na adres <strong>kontakt@akademia3run.pl<\/strong> okre\u015blaj\u0105c czytelnie, w\u00a0tytule, z jakiego prawa U\u017cytkownik chce skorzysta\u0107. Administrator po otrzymaniu wiadomo\u015bci w ci\u0105gu 30 dni zrealizuje \u017c\u0105danie.<\/p>\n\n\n\n<p><strong>Przechowywanie danych<\/strong><\/p>\n\n\n\n<ul class=\"wp-block-list\">\n<li>Okres przechowywania danych, nie b\u0119dzie kr\u00f3tszy, ani\u017celi wynika z\u00a0obowi\u0105zuj\u0105cych przepis\u00f3w prawa (z\u00a0ustaw szczeg\u00f3lnych) tj. m.in.: ustawy o\u00a0rachunkowo\u015bci, ordynacji podatkowej, ustawy o emeryturach i\u00a0rentach z\u00a0Funduszu Ubezpiecze\u0144 Spo\u0142ecznych, czy ustawy o systemie ubezpiecze\u0144 spo\u0142ecznych.<\/li>\n<\/ul>\n\n\n\n<ul class=\"wp-block-list\">\n<li>Dane odbiorc\u00f3w newslettera przechowywane b\u0119d\u0105 do wniosku o ich usuni\u0119cie,<\/li>\n<\/ul>\n\n\n\n<ul class=\"wp-block-list\">\n<li>Dane Klient\u00f3w przechowywane b\u0119d\u0105 do up\u0142ywu okresu przedawnienia roszcze\u0144 z\u00a0ich tytu\u0142u.<br><\/li>\n<\/ul>\n\n\n\n<p>Firma zobowi\u0105zuje si\u0119 do niszczenia powsta\u0142ych tymczasowo dokument\u00f3w zawieraj\u0105cych dane osobowe (np. Lista uczestnik\u00f3w konkretnego eventu lub zaj\u0119\u0107) oraz dba\u0142o\u015bci o obieg danych i ich minimalizacj\u0119 zgodnie z procedurami zapisanymi w Rejestrze Czynno\u015bci Przetwarzania.<\/p>\n\n\n\n<p>Administrator stosuje \u015brodki techniczne i organizacyjne zapewniaj\u0105ce ochron\u0119 przetwarzanych danych osobowych odpowiedni\u0105 do zagro\u017ce\u0144 oraz kategorii danych obj\u0119tych ochron\u0105, a\u00a0w\u00a0szczeg\u00f3lno\u015bci zabezpiecza dane przed ich udost\u0119pnieniem osobom nieupowa\u017cnionym, zabraniem przez osob\u0119 nieuprawnion\u0105, przetwarzaniem z naruszeniem obowi\u0105zuj\u0105cych przepis\u00f3w oraz zmian\u0105, utrat\u0105, uszkodzeniem lub zniszczeniem.<\/p>\n\n\n\n<p>Administrator Danych Osobowych niniejszym informuje, \u017ce nie powo\u0142a\u0142 Inspektora Ochrony Danych (IOD) i wykonuje samodzielnie obowi\u0105zki zwi\u0105zane z przetwarzaniem danych osobowych.<\/p>\n\n\n\n<h2 class=\"wp-block-heading\"><\/h2>\n","protected":false},"excerpt":{"rendered":"<p>Administrator zapewnia realizacj\u0119 uprawnie\u0144 poprzez napisanie maila na adres kontakt@akademia3run.pl okre\u015blaj\u0105c czytelnie, w\u00a0tytule, z jakiego prawa U\u017cytkownik chce skorzysta\u0107. Administrator po otrzymaniu wiadomo\u015bci w ci\u0105gu 30 dni zrealizuje \u017c\u0105danie. Przechowywanie danych Firma zobowi\u0105zuje si\u0119 do niszczenia powsta\u0142ych tymczasowo dokument\u00f3w zawieraj\u0105cych dane osobowe (np. Lista uczestnik\u00f3w konkretnego eventu lub zaj\u0119\u0107) oraz dba\u0142o\u015bci o obieg danych i [&hellip;]<\/p>\n","protected":false},"author":1,"featured_media":0,"parent":0,"menu_order":0,"comment_status":"closed","ping_status":"open","template":"","meta":{"footnotes":""},"class_list":["post-3","page","type-page","status-publish","hentry"],"_links":{"self":[{"href":"https:\/\/akademia3run.pl\/index.php\/wp-json\/wp\/v2\/pages\/3","targetHints":{"allow":["GET"]}}],"collection":[{"href":"https:\/\/akademia3run.pl\/index.php\/wp-json\/wp\/v2\/pages"}],"about":[{"href":"https:\/\/akademia3run.pl\/index.php\/wp-json\/wp\/v2\/types\/page"}],"author":[{"embeddable":true,"href":"https:\/\/akademia3run.pl\/index.php\/wp-json\/wp\/v2\/users\/1"}],"replies":[{"embeddable":true,"href":"https:\/\/akademia3run.pl\/index.php\/wp-json\/wp\/v2\/comments?post=3"}],"version-history":[{"count":2,"href":"https:\/\/akademia3run.pl\/index.php\/wp-json\/wp\/v2\/pages\/3\/revisions"}],"predecessor-version":[{"id":194,"href":"https:\/\/akademia3run.pl\/index.php\/wp-json\/wp\/v2\/pages\/3\/revisions\/194"}],"wp:attachment":[{"href":"https:\/\/akademia3run.pl\/index.php\/wp-json\/wp\/v2\/media?parent=3"}],"curies":[{"name":"wp","href":"https:\/\/api.w.org\/{rel}","templated":true}]}}