{"id":482,"date":"2026-03-09T11:31:45","date_gmt":"2026-03-09T11:31:45","guid":{"rendered":"https:\/\/akademia3run.pl\/?page_id=482"},"modified":"2026-03-09T11:31:45","modified_gmt":"2026-03-09T11:31:45","slug":"jak-dolaczyc","status":"publish","type":"page","link":"https:\/\/akademia3run.pl\/index.php\/jak-dolaczyc\/","title":{"rendered":"Jak do\u0142\u0105czy\u0107 do naszej Akademii"},"content":{"rendered":"\n<p>Zapisy na zaj\u0119cia w <strong>Akademii 3run<\/strong> odbywaj\u0105 si\u0119 przez system rezerwacji <strong>Fitssey<\/strong>.<\/p>\n\n\n\n<h2 class=\"wp-block-heading\">1\ufe0f\u20e3 Za\u0142\u00f3\u017c konto w Fitssey<\/h2>\n\n\n\n<p>\u27a1\ufe0f <strong>Zarejestruj si\u0119 tutaj:<\/strong><br><a href=\"https:\/\/app.fitssey.com\/akademia3run\">https:\/\/app.fitssey.com\/akademia3run<\/a><\/p>\n\n\n\n<p class=\"has-ti-accent-secondary-background-color has-background\">\u26a0\ufe0f <strong>Wa\u017cne<\/strong><br>Podczas rejestracji <strong>wpisz dane dziecka, kt\u00f3re b\u0119dzie uczestniczy\u0107 w zaj\u0119ciach.<\/strong><\/p>\n\n\n\n<p>Cz\u0119sto zdarza si\u0119, \u017ce rodzice zak\u0142adaj\u0105 konto na swoje dane \u2013 wtedy w systemie pojawiaj\u0105 si\u0119 np. <strong>doro\u015bli zapisani na zaj\u0119cia dla dzieci 3\u20136 lat<\/strong>.<br>Aby unikn\u0105\u0107 problem\u00f3w z zapisami, <strong>konto powinno by\u0107 za\u0142o\u017cone na dane dziecka.<\/strong><\/p>\n\n\n\n<hr class=\"wp-block-separator has-alpha-channel-opacity\"\/>\n\n\n\n<h2 class=\"wp-block-heading\">2\ufe0f\u20e3 Wybierz produkt (karnet lub wej\u015bcie)<\/h2>\n\n\n\n<p>Aby zapisa\u0107 si\u0119 na zaj\u0119cia w grafiku, nale\u017cy posiada\u0107 <strong>aktywny produkt<\/strong>, np.:<\/p>\n\n\n\n<ul class=\"wp-block-list\">\n<li>karnet miesi\u0119czny<\/li>\n\n\n\n<li>pojedyncze wej\u015bcie<\/li>\n<\/ul>\n\n\n\n<p>Po zakupie produktu mo\u017cna <strong>samodzielnie rezerwowa\u0107 zaj\u0119cia w grafiku Fitssey<\/strong>.<\/p>\n\n\n\n<h2 class=\"wp-block-heading\">Pierwsze zaj\u0119cia \u2013 wej\u015bcie pr\u00f3bne<\/h2>\n\n\n\n<p>Je\u015bli chcesz sprawdzi\u0107, czy zaj\u0119cia b\u0119d\u0105 odpowiednie dla Twojego dziecka, istnieje mo\u017cliwo\u015b\u0107 <strong>skorzystania z pierwszych darmowych zaj\u0119\u0107 pr\u00f3bnych<\/strong>.<\/p>\n\n\n\n<p>W tym celu prosimy o <strong>kontakt z recepcj\u0105 klubu<\/strong>.<\/p>\n\n\n\n<p>\ud83d\udcde <strong>Telefon:<\/strong> 797569809<br>\ud83d\udce7 <strong>E-mail:<\/strong> akademia3run@gmail.com<\/p>\n\n\n\n<hr class=\"wp-block-separator has-alpha-channel-opacity\"\/>\n\n\n\n<h2 class=\"wp-block-heading\">3\ufe0f\u20e3 Zarezerwuj miejsce na zaj\u0119ciach<\/h2>\n\n\n\n<p>Po zalogowaniu do Fitssey:<\/p>\n\n\n\n<p>\u27a1\ufe0f wybierz <strong>interesuj\u0105c\u0105 grup\u0119<\/strong><br>\u27a1\ufe0f wybierz <strong>termin zaj\u0119\u0107<\/strong><br>\u27a1\ufe0f kliknij <strong>rezerwuj<\/strong><\/p>\n","protected":false},"excerpt":{"rendered":"<p>Zapisy na zaj\u0119cia w Akademii 3run odbywaj\u0105 si\u0119 przez system rezerwacji Fitssey. 1\ufe0f\u20e3 Za\u0142\u00f3\u017c konto w Fitssey \u27a1\ufe0f Zarejestruj si\u0119 tutaj:https:\/\/app.fitssey.com\/akademia3run \u26a0\ufe0f Wa\u017cnePodczas rejestracji wpisz dane dziecka, kt\u00f3re b\u0119dzie uczestniczy\u0107 w zaj\u0119ciach. Cz\u0119sto zdarza si\u0119, \u017ce rodzice zak\u0142adaj\u0105 konto na swoje dane \u2013 wtedy w systemie pojawiaj\u0105 si\u0119 np. doro\u015bli zapisani na zaj\u0119cia dla dzieci [&hellip;]<\/p>\n","protected":false},"author":1,"featured_media":0,"parent":0,"menu_order":0,"comment_status":"closed","ping_status":"closed","template":"","meta":{"footnotes":""},"class_list":["post-482","page","type-page","status-publish","hentry"],"_links":{"self":[{"href":"https:\/\/akademia3run.pl\/index.php\/wp-json\/wp\/v2\/pages\/482","targetHints":{"allow":["GET"]}}],"collection":[{"href":"https:\/\/akademia3run.pl\/index.php\/wp-json\/wp\/v2\/pages"}],"about":[{"href":"https:\/\/akademia3run.pl\/index.php\/wp-json\/wp\/v2\/types\/page"}],"author":[{"embeddable":true,"href":"https:\/\/akademia3run.pl\/index.php\/wp-json\/wp\/v2\/users\/1"}],"replies":[{"embeddable":true,"href":"https:\/\/akademia3run.pl\/index.php\/wp-json\/wp\/v2\/comments?post=482"}],"version-history":[{"count":1,"href":"https:\/\/akademia3run.pl\/index.php\/wp-json\/wp\/v2\/pages\/482\/revisions"}],"predecessor-version":[{"id":483,"href":"https:\/\/akademia3run.pl\/index.php\/wp-json\/wp\/v2\/pages\/482\/revisions\/483"}],"wp:attachment":[{"href":"https:\/\/akademia3run.pl\/index.php\/wp-json\/wp\/v2\/media?parent=482"}],"curies":[{"name":"wp","href":"https:\/\/api.w.org\/{rel}","templated":true}]}}